-329*k + 33 = -318*k. Let l(i) be the second derivative of -k*i - 1/6*i**3 + 1/2*i**2 + 0. What is l(-2)?
3
Let r(d) = d. Let o be (-9)/12 + 5/(-20). Let f(y) = y**2 - 6*y - 1. Let c(i) = o*f(i) - 4*r(i). Suppose -3 = 3*p - 5*h + 6, 0 = -4*p - 4*h + 20. What is c(p)?
1
Let d(c) = c**3 + 13*c**2 - c + 15. Suppose 2*h + 2*h + 4*b + 40 = 0, 67 = -4*h + 5*b. What is d(h)?
28
Let q = 3 + -6. Let p = -6 - q. Let c = 3 - p. Let u(i) = -i + 5. Give u(c).
-1
Let l(i) = 38*i**3 - 9*i**2 - i + 4. Let r(n) = -38*n**3 + 6*n**2 + n - 3. Let k(z) = 2*l(z) + 3*r(z). Give k(1).
-38
Suppose -19*b + 161 = 28. Let q(h) = -2*h - 5. Let p be (-16)/4*7/4. Let i(n) = 5*n + 11. Let x(r) = p*q(r) - 3*i(r). Determine x(b).
-5
Let y(l) = -2*l - 2. Let s(m) = -2*m - 2. Let v(t) = 5*s(t) - 4*y(t). Suppose 3*p + 11 = q, 7 + 1 = 4*q. What is v(p)?
4
Let v(p) = -5 - 3 - 21*p + 30*p + p**2 - 15 + 3. Give v(-11).
2
Let s(k) = 31*k - 67. Let f(u) = -7*u. Let d(x) = 4*f(x) + s(x). Give d(24).
5
Let x = 496 - 501. Let a(u) = -5*u - 12. Give a(x).
13
Suppose -j = 2*q - 14, 3*j + 15 = 3*q + 6*j. Suppose -q + 4 = 5*z. Let h(t) = -2*t**3 - t**3 + 4 - 3 + 2*t + t**2. Determine h(z).
3
Let j(d) = -d**3 - 7*d**2 + 8*d + 3. Suppose -3*t = h - 14 - 4, -2*t = h - 22. Let q = h - 38. Calculate j(q).
3
Let o(y) = y**2 + 6*y + 10. Let m(l) = 1. Let t(c) = -5*m(c) + o(c). Suppose 3*h - 2 = -17. Give t(h).
0
Let j(w) = 8*w. Let l(a) = -a. Let z(k) = 2*k**2 + k - 2. Let v be z(3). Let m = -20 + v. Let r(y) = m*j(y) - 5*l(y). What is r(-2)?
6
Let b = 42 + -35. Let z(q) = -q - 1 + b*q + 0*q. Suppose 2*n + 1 = 3. Calculate z(n).
5
Let j(r) = -r**3 - 7*r**2 + 11*r + 19. Suppose -2*f - 5*p = 41, -6*p + p - 25 = 0. What is j(f)?
-5
Let k be (1/2)/((-2)/4). Let r = k + 3. Let o(x) = 3*x**2 - 4*x**r - x**2. What is o(-2)?
-8
Let u(r) = -r. Let q be ((99/(-2))/11)/(2/(-84)). Let l be 2/7 + q/(-147). Give u(l).
1
Let z = 633 - 640. Let q(i) = -i**3 - 8*i**2 - 2*i + 9. Determine q(z).
-26
Let s = 37 - 35. Let u(h) = -h + 798 - 797 + s*h. Suppose -2*x + 8 = 4*l - 4*x, 3*x = -5*l + 32. Calculate u(l).
5
Let x(f) = 90*f + f**3 - 92*f + 5 + 2*f**2 - 1. Determine x(-3).
1
Let c = 553 - 542. Let p(a) = -a**2 + 11*a. Calculate p(c).
0
Let z(u) = 1. Let l(x) = -x - 13. Let k(h) = -l(h) - z(h). Let y be k(-8). Let d(o) = o**2 - 2*o - 4. What is d(y)?
4
Suppose 34 = -o - 4*o - 3*v, -3*v = -o - 14. Let n(u) = -u - 4. What is n(o)?
4
Let v(p) = -p**2 - 4*p + 6. Let n be v(-5). Let a(c) be the second derivative of 3 + 0*c**2 - 1/6*c**3 - 9*c. Determine a(n).
-1
Let g be (-13)/4 - (-9 + 70/8). Let n(w) = 3*w**2 + 3*w + 3. Determine n(g).
21
Let y(v) = 0 - 7 - 6 + 27 - 9 + v. Suppose -5 = -4*x + 5*w, -3*w - 25 - 15 = 5*x. What is y(x)?
0
Let y = -2 + 3. Let f(j) = 2808*j**2 - j - 9*j**3 - 18*j**3 + 1 - 2809*j**2. What is f(y)?
-28
Let h(u) = -u**3 - 5*u**2 + 8*u + 19. Let m be h(-6). Let l(k) = k**2 - 6*k. What is l(m)?
7
Let z(h) = 2*h - 6. Let q be z(0). Let m(f) = f**3 + 6*f**2 + f + 8. Let o be m(q). Let r(k) = -4 + 4*k**2 + o + 1. Give r(-1).
3
Let r(t) be the second derivative of t**6/360 - t**5/24 - 5*t**4/24 - 8*t**3/3 - 15*t. Let s(b) be the second derivative of r(b). Calculate s(6).
1
Let j(l) = 23*l + 41. Let y be 1 + -1 + (4 - -2). Let v(x) = -4*x - 7. Let f(z) = y*j(z) + 34*v(z). Let a(t) = -6*t - 1. Let i be a(1). Calculate f(i).
-6
Let o(i) = 22*i - 2. Let h(j) = -4*j. Let s(f) = -34*h(f) - 6*o(f). Give s(-11).
-32
Let i(w) = -13*w**3 - 17*w**2 + 17*w - 16. Let y(x) = -11*x**3 - 16*x**2 + 16*x - 15. Let l(f) = -6*i(f) + 7*y(f). Give l(9).
0
Let l(o) = 5 + 5 - 4 - o. Determine l(9).
-3
Let z(f) = -3*f**2 + 2. Suppose -19*n - 29 - 9 = 0. Give z(n).
-10
Suppose -2*m - 23 = -5*l, -4*l - m = 2*m - 23. Suppose 0 = -4*q - 4*r - 20, -r - l = -q - 0. Let v(n) = n**3 + n**2 + n. What is v(q)?
0
Let t(d) = d**2 - 3*d - 179. Let x be t(-12). Let o(a) = 54*a + 4. Let y(w) = -18*w - 1. Let z(g) = -2*o(g) - 7*y(g). What is z(x)?
17
Let q(v) = -3*v**3 - 7*v**2 + 2*v + 10. Let y(n) = -n**3 + 1. Let t(r) = -q(r) + 2*y(r). What is t(-7)?
6
Let b(j) be the third derivative of -j**6/120 + 7*j**5/60 + j**4/3 - 3*j**3/2 + 56*j**2 - j. Suppose 5*p + 0*p = 40. Give b(p).
-9
Let a = 727 - 730. Let b(x) be the second derivative of x**5/20 + x**4/3 + x**3/6 - x**2/2 - 2*x. Determine b(a).
5
Let z(u) = -16*u**2 - 2*u + 1. Let i = 21 - 19. Suppose h - 5*x = 21, 14 = 2*h - i*x - x. Determine z(h).
-17
Let z(b) = -b**2 - 6*b + 5. Suppose -3*r + 0*r = -30. Suppose 12 = 14*h - r*h. Suppose 0*q - h*q = 15. Calculate z(q).
10
Let a = 1824 - 1826. Let b(k) = -5*k**2 + 2 - 3*k**3 + 0 + k + 3*k**2. Give b(a).
16
Suppose -4*h + 85 = -3*g, 4*h = 2*g + 3*g + 91. Suppose 15*a - h*a = 0. Let v(w) = -w**3 + 3. What is v(a)?
3
Suppose -k + 5*l - 18 = 1, -4*k - 3*l = -39. Let r(v) = -v**2 + 8*v - 15. Let b be r(k). Let m(d) = d**2 + 5*d + 2. What is m(b)?
-4
Let b(i) = -27*i**3 - i + 7. Let t(p) = 14*p**3 - 3. Let f(c) = -2*b(c) - 5*t(c). Calculate f(-1).
15
Let z(s) = 5*s - 5. Suppose -3*p = 3*y, -p = 5*y - 25 + 13. Determine z(p).
-20
Suppose 5*i - 1 = 2*z + 19, -4*i + 16 = z. Let q(c) = -3*c - 5 + 4*c**2 + z*c**2 - 3*c**2 - c. Let b = -16 + 22. Determine q(b).
7
Let m(k) = -k**2 - 2*k + 7. Let t be -12*((-11)/2 + 6). Determine m(t).
-17
Let l(s) = 9 - 9*s**2 + 3*s - 5*s**2 + 11*s**2 + 2*s**2. Give l(4).
5
Let x be (3 - 1)*(-17)/34. Let q(a) = -19*a. Give q(x).
19
Let n(a) = 3*a + 47. Let l be n(-16). Let m be (10/10)/(l/3). Let r(j) be the second derivative of j**5/20 + j**4/6 - 2*j**3/3 - j. What is r(m)?
3
Let o(a) = 12*a + 45. Let v be o(-12). Let z = -98 - v. Let f(j) = 16*j**3. Give f(z).
16
Suppose -77 = 4*d - l, 2*d - l + 40 = -1. Let y(w) = -w**2 - 17*w + 23. What is y(d)?
5
Suppose 3*y - 13*y = -20. Let f(x) = -x**2 + x - 2. Give f(y).
-4
Let j(g) = g**2 + 4*g - 5. Let k be j(-6). Let v(u) = 5*u - 8. Calculate v(k).
27
Let r be (-114)/(-15) - 3*10/(-75). Let z(d) = d**3 - 9*d**2 + 7*d - 3. Determine z(r).
-11
Let y(o) = o**2 + 6*o + 2. Let l = 949 + -958. Let r(g) be the second derivative of -g**5/20 - 3*g**4/4 + g**3/6 + 3*g**2 - g. Let m be r(l). Determine y(m).
-7
Let h(w) be the second derivative of 0 + 1/12*w**5 + 8*w + 1/6*w**3 - 3*w**2 + 0*w**4. Let x(k) be the first derivative of h(k). What is x(1)?
6
Let o(q) = -q**3 + 5*q**2 + 6. Suppose 2*p + 16 = 6*p. Suppose 24 = p*v + 4. Determine o(v).
6
Suppose 2 = m - 5*m - l, 5*m = -5*l - 10. Let p(a) be the third derivative of 1/24*a**4 + 5/3*a**3 + 0 + 16*a**2 + 0*a - 1/120*a**6 + 1/60*a**5. What is p(m)?
10
Let f(p) = 5*p + 23*p**2 + 3*p**3 + 3*p - 4*p**2 + 16 - p**2. Let u(i) = 2*i**3 + 12*i**2 + 5*i + 11. Let m(l) = -5*f(l) + 7*u(l). Give m(-6).
27
Let v(d) be the first derivative of -15*d**2/2 - 20*d + 2. Let m(r) = 5*r + 7. Let h be -1 - (36/(-4) + 2). Let k(t) = h*v(t) + 17*m(t). Calculate k(-2).
9
Suppose 0 = x + 1, 0*g - 5*g + 4*x + 29 = 0. Let w(i) = -2 - 7*i + g - i**2 - 13 + 4. What is w(-7)?
-6
Let w = 8 + -2. Let x be (20/(-6))/(w/(-9)). Suppose x*y - 2 = 3. Let l(g) = -2*g. Determine l(y).
-2
Let b be (12 - 13)*1 - -7. Let o(u) = u**2 - 9*u + 19. Calculate o(b).
1
Let p(a) = 5*a**2 - 18*a + 16. Let f be p(1). Let y(k) = k**2 - k - 3. Determine y(f).
3
Let k(v) = v**2 + 3*v + 8. Let a be k(0). Let y(q) = -q**3 + 9*q**2 - 9*q - 1. Calculate y(a).
-9
Let s(u) = -u**2 + 5*u - 3. Let m be s(2). Let b(l) = 2*l - 7*l**2 + m - l**3 + 4*l + 2*l**3 + 1. Give b(6).
4
Let a = -101 - -99. Let p(x) = x**2 - 2*x + 2 + 7*x - 3*x. Give p(a).
2
Let r(w) = w**2 - 5*w + 8. Let x(c) = c**2 + 1. Let s(h) = r(h) - 4*x(h). Let d(v) = -8*v**2 - 14*v + 11. Let o(n) = -6*d(n) + 17*s(n). Determine o(-2).
-8
Suppose 5*r + 50 = -5*k, -4*k - 3*r + 7*r = 0. Let l(m) = -m**3 - 4*m**2 + 8*m + 4. Determine l(k).
-11
Suppose 2*a = 230 + 16. Let w(g) = -a + g + 142 - 2*g. Determine w(9).
10
Let j(t) = 2*t**3 - 43*t**2 - 19*t - 15. Let p(q) = -q**3 + 19*q**2 + 9*q + 7. Let y(m) = -3*j(m) - 7*p(m). Suppose 2*u = -u + 15. Calculate y(u).
-9
Suppose 5*z - 48 - 72 = 0. Let y = z + -22. Let n(r) = 2*r**3 - 2*r**3 - r**3 + r**2 + 4 - y. Determine n(3).
-16
Let l(s) = 7*s + 4. Let b(g) = 80*g + 44. Let w(v) = 6*b(v) - 68*l(v). Determine w(4).
8
Let t(j) = j**2 + 6*j - 12. Let y be t(-8). Let a(m) be the first deri